522.
2, 13, 297097
List the prime factors of 9671595.
3, 5, 797, 809
List the prime factors of 53720.
2, 5, 17, 79
List the prime factors of 5276753.
29, 181957
What are the prime factors of 610285?
5, 13, 41, 229
What are the prime factors of 426178?
2, 409, 521
List the prime factors of 4712287.
4712287
List the prime factors of 6221509.
7, 103, 8629
List the prime factors of 325114.
2, 162557
What are the prime factors of 103560?
2, 3, 5, 863
What are the prime factors of 28537?
28537
What are the prime factors of 1082140?
2, 5, 61, 887
What are the prime factors of 349624?
2, 11, 29, 137
What are the prime factors of 2664171?
3, 31, 1061
What are the prime factors of 12600524?
2, 3150131
List the prime factors of 9811450.
2, 5, 11, 17839
List the prime factors of 5908937.
37, 159701
What are the prime factors of 2163448?
2, 7, 5519
List the prime factors of 22208556.
2, 3, 1279, 1447
What are the prime factors of 7907464?
2, 199, 4967
What are the prime factors of 268571?
23, 11677
List the prime factors of 6084767.
13, 468059
List the prime factors of 2596425.
3, 5, 13, 2663
What are the prime factors of 8788133?
17, 516949
What are the prime factors of 466883?
541, 863
List the prime factors of 67076.
2, 41, 409
List the prime factors of 12303126.
2, 3, 11, 62137
What are the prime factors of 464041?
613, 757
What are the prime factors of 13304389?
7, 19, 167, 599
What are the prime factors of 2382602?
2, 1191301
List the prime factors of 13907848.
2, 19, 91499
What are the prime factors of 56777?
7, 8111
What are the prime factors of 1613604?
2, 3, 47, 2861
List the prime factors of 208492.
2, 47, 1109
List the prime factors of 838625.
5, 6709
List the prime factors of 2369461.
193, 12277
What are the prime factors of 2824087?
7, 439, 919
What are the prime factors of 195886?
2, 97943
What are the prime factors of 160183?
160183
List the prime factors of 141574.
2, 71, 997
List the prime factors of 403564.
2, 7, 29, 71
List the prime factors of 417394.
2, 208697
List the prime factors of 132785.
5, 26557
What are the prime factors of 271835?
5, 54367
List the prime factors of 350213.
350213
List the prime factors of 2256932.
2, 564233
What are the prime factors of 35308862?
2, 17654431
What are the prime factors of 742919?
19, 61, 641
What are the prime factors of 208379?
208379
What are the prime factors of 194945?
5, 127, 307
List the prime factors of 13219.
13219
What are the prime factors of 142765?
5, 7, 4079
What are the prime factors of 3666262?
2, 1833131
What are the prime factors of 3749290?
2, 5, 374929
What are the prime factors of 12480481?
13, 73849
List the prime factors of 4580265.
3, 5, 305351
What are the prime factors of 526761?
3, 107, 547
What are the prime factors of 3132877?
11, 284807
List the prime factors of 341884.
2, 127, 673
List the prime factors of 11376320.
2, 5, 73, 487
List the prime factors of 7693585.
5, 103, 14939
List the prime factors of 2199154.
2, 17, 71, 911
What are the prime factors of 512391?
3, 11, 15527
What are the prime factors of 358153?
358153
What are the prime factors of 10734920?
2, 5, 7, 5477
What are the prime factors of 14151?
3, 53, 89
What are the prime factors of 1793611?
1793611
List the prime factors of 911419.
911419
List the prime factors of 255535.
5, 7, 149
What are the prime factors of 192444?
2, 3, 7, 29, 79
What are the prime factors of 332362?
2, 137, 1213
What are the prime factors of 465184?
2, 14537
List the prime factors of 2953544.
2, 11, 33563
List the prime factors of 146063.
146063
What are the prime factors of 303878?
2, 151939
List the prime factors of 215281.
11, 19571
List the prime factors of 412944.
2, 3, 7, 1229
List the prime factors of 19109451.
3, 59, 107, 1009
What are the prime factors of 7608228?
2, 3, 257, 2467
What are the prime factors of 112280?
2, 5, 7, 401
List the prime factors of 583160.
2, 5, 61, 239
What are the prime factors of 25392045?
3, 5, 7, 179, 193
What are the prime factors of 116816?
2, 7, 149
List the prime factors of 17886776.
2, 2235847
What are the prime factors of 2359368?
2, 3, 11, 331
List the prime factors of 1280920.
2, 5, 31, 1033
What are the prime factors of 6129673?
11, 17, 32779
List the prime factors of 18222118.
2, 23, 479, 827
What are the prime factors of 3669190?
2, 5, 7, 23, 43, 53
List the prime factors of 7962216.
2, 3, 19, 919
What are the prime factors of 26049989?
7, 61, 61007
List the prime factors of 1291368.
2, 3, 13, 4139
List the prime factors of 289139.
289139
List the prime factors of 8802384.
2, 3, 183383
List the prime factors of 820965.
3, 5, 229, 239
What are the prime factors of 4093824?
2, 3, 7, 1523
What are the prime factors of 3125976?
2, 3, 7, 23, 809
What are the prime factors of 8245223?
7, 41, 28729
List the prime factors of 398153.
7, 23, 2473
List the prime factors of 27200.
2, 5, 17
List the prime factors of 2785840.
2, 5, 97, 359
What are the prime factors of 12919177?
113, 114329
What are the prime factors of 526207?
11, 47837
What are the prime factors of 126457?
126457
List the prime factors of 2677418.
2, 139, 9631
List the prime factors of 21347559.
3, 277, 8563
List the prime factors of 1783086.
2, 3, 47, 6323
List the prime factors of 3104801.
7, 443543
List the prime factors of 5221461.
3, 7, 248641
List the prime factors of 2403067.
821, 2927
What are the prime factors of 2334663?
3, 19, 37, 41
What are the prime factors of 906866?
2, 173, 2621
What are the prime factors of 366467?
366467
List the prime factors of 332918.
2, 19, 8761
List the prime factors of 599459.
7, 29, 2953
List the prime factors of 267511.
267511
List the prime factors of 1623101.
29, 97, 577
List the prime factors of 104032.
2, 3251
List the prime factors of 371506.
2, 185753
List the prime factors of 1474350.
2, 3, 5, 9829
What are the prime factors of 98313?
3, 32771
What are the prime factors of 166967?
166967
What are the prime factors of 3852460?
2, 5, 71, 2713
What are the prime factors of 440653?
440653
List the prime factors of 1156891.
19, 60889
List the prime factors of 1005508.
2, 7, 35911
List the prime factors of 137035.
5, 27407
What are the prime factors of 10408997?
73, 142589
What are the prime factors of 1754585?
5, 7, 50131
What are the prime factors of 4586734?
2, 2293367
List the prime factors of 836035.
5, 271, 617
List the prime factors of 1286347.
941, 1367
List the prime factors of 201878.
2, 193, 523
List the prime factors of 105689.
17, 6217
What are the prime factors of 587556?
2, 3, 19, 859
List the prime factors of 11627206.
2, 5813603
List the prime factors of 11080642.
2, 5540321
List the prime factors of 218551.
218551
List the prime factors of 1348507.
1348507
What are the prime factors of 2643232?
2, 82601
List the prime factors of 1655226.
2, 3, 91957
List the prime factors of 24662229.
3, 8220743
What are the prime factors of 1123182?
2, 3, 23, 2713
List the prime factors of 2741374.
2, 1370687
What are the prime factors of 392460?
2, 3, 5, 31, 211
What are the prime factors of 9215394?
2, 3, 17, 167, 541
List the prime factors of 3781142.
2, 1890571
What are the prime factors of 3786399?
3, 140237
What are the prime factors of 510243?
3, 170081
What are the prime factors of 528513?
3, 17, 43, 241
List the prime factors of 5876730.
2, 3, 5, 17, 23, 167
List the prime factors of 214896.
2, 3, 11, 37
List the prime factors of 660761.
719, 919
List the prime factors of 3161101.
31, 107, 953
List the prime factors of 106062.
2, 3, 11, 1607
What are the prime factors of 11515655?
5, 653, 3527
List the prime factors of 140450.
2, 5, 53
List the prime factors of 1489973.
1489973
What are the prime factors of 2125259?
2125259
List the prime factors of 1966550.
2, 5, 37, 1063
List the prime factors of 20550672.
2, 3, 101, 157
What are the prime factors of 7452327?
3, 2484109
What are the prime factors of 60902?
2, 37, 823
List the prime factors of 10289404.
2, 37, 1879
What are the prime factors of 7180635?
3, 5, 7, 11, 6217
List the prime factors of 3854811.
3, 1284937
What are the prime factors of 180323?
11, 13, 97
What are the prime factors of 505081?
193, 2617
List the prime factors of 6874969.
43, 101, 1583
What are the prime factors of 12222923?
12222923
Wha